 is the millions digit of 25345460?
5
What is the units digit of 941694?
4
What is the tens digit of 6192891?
9
What is the hundreds digit of 1626663?
6
What is the millions digit of 2917935?
2
What is the ten thousands digit of 928341?
2
What is the units digit of 2608840?
0
What is the units digit of 140320?
0
What is the tens digit of 570788?
8
What is the thousands digit of 759578?
9
What is the hundreds digit of 1142938?
9
What is the units digit of 778659?
9
What is the ten thousands digit of 577394?
7
What is the thousands digit of 5000401?
0
What is the hundred thousands digit of 673088?
6
What is the tens digit of 1444069?
6
What is the hundred thousands digit of 22622233?
6
What is the tens digit of 35731?
3
What is the thousands digit of 270629?
0
What is the hundred thousands digit of 8269095?
2
What is the tens digit of 503694?
9
What is the hundreds digit of 2167489?
4
What is the tens digit of 1475521?
2
What is the units digit of 1381507?
7
What is the tens digit of 495126?
2
What is the hundreds digit of 25974481?
4
What is the thousands digit of 12145731?
5
What is the tens digit of 7495872?
7
What is the hundreds digit of 5106405?
4
What is the units digit of 228959?
9
What is the ten thousands digit of 14874?
1
What is the thousands digit of 457128?
7
What is the tens digit of 8487608?
0
What is the hundreds digit of 5200761?
7
What is the thousands digit of 208862?
8
What is the thousands digit of 14126408?
6
What is the ten millions digit of 14712218?
1
What is the ten thousands digit of 5999440?
9
What is the hundreds digit of 17958207?
2
What is the millions digit of 15209060?
5
What is the hundred thousands digit of 627745?
6
What is the units digit of 9966869?
9
What is the millions digit of 6810697?
6
What is the ten thousands digit of 562786?
6
What is the hundred thousands digit of 598922?
5
What is the thousands digit of 9657160?
7
What is the tens digit of 4139435?
3
What is the tens digit of 145207?
0
What is the thousands digit of 302810?
2
What is the hundred thousands digit of 961890?
9
What is the tens digit of 503556?
5
What is the hundred thousands digit of 179412?
1
What is the ten thousands digit of 196029?
9
What is the tens digit of 1316092?
9
What is the units digit of 28149728?
8
What is the hundreds digit of 172237?
2
What is the thousands digit of 1433110?
3
What is the tens digit of 377889?
8
What is the hundred thousands digit of 528097?
5
What is the tens digit of 7337053?
5
What is the thousands digit of 2166752?
6
What is the tens digit of 109176?
7
What is the tens digit of 8049907?
0
What is the hundreds digit of 472469?
4
What is the tens digit of 167357?
5
What is the thousands digit of 979529?
9
What is the millions digit of 1344130?
1
What is the thousands digit of 339548?
9
What is the thousands digit of 50804?
0
What is the millions digit of 3458293?
3
What is the ten thousands digit of 517413?
1
What is the hundred thousands digit of 182203?
1
What is the hundreds digit of 210216?
2
What is the hundreds digit of 5039588?
5
What is the hundreds digit of 124236?
2
What is the ten thousands digit of 362754?
6
What is the ten thousands digit of 133554?
3
What is the ten thousands digit of 26196716?
9
What is the ten thousands digit of 211508?
1
What is the units digit of 535188?
8
What is the hundred thousands digit of 10076001?
0
What is the hundred thousands digit of 190209?
1
What is the hundreds digit of 502227?
2
What is the ten thousands digit of 195823?
9
What is the hundred thousands digit of 8904212?
9
What is the hundred thousands digit of 11223893?
2
What is the hundred thousands digit of 2142026?
1
What is the units digit of 7222?
2
What is the thousands digit of 2974272?
4
What is the millions digit of 5982601?
5
What is the ten thousands digit of 5906289?
0
What is the tens digit of 2709145?
4
What is the ten thousands digit of 489690?
8
What is the hundreds digit of 23320675?
6
What is the thousands digit of 102036?
2
What is the units digit of 1918229?
9
What is the ten thousands digit of 410061?
1
What is the ten thousands digit of 3609370?
0
What is the hundred thousands digit of 444865?
4
What is the units digit of 791389?
9
What is the hundreds digit of 2784369?
3
What is the ten thousands digit of 2201972?
0
What is the hundreds digit of 3902168?
1
What is the thousands digit of 3329072?
9
What is the ten thousands digit of 380537?
8
What is the units digit of 1008653?
3
What is the ten thousands digit of 462727?
6
What is the units digit of 37247?
7
What is the thousands digit of 2804748?
4
What is the millions digit of 5806513?
5
What is the units digit of 5136568?
8
What is the millions digit of 3145409?
3
What is the hundreds digit of 778843?
8
What is the units digit of 10232434?
4
What is the hundreds digit of 333869?
8
What is the hundreds digit of 392183?
1
What is the thousands digit of 895835?
5
What is the units digit of 9906583?
3
What is the thousands digit of 33370?
3
What is the millions digit of 1601052?
1
What is the tens digit of 1282682?
8
What is the ten thousands digit of 445458?
4
What is the ten thousands digit of 199027?
9
What is the thousands digit of 1442843?
2
What is the thousands digit of 1444335?
4
What is the hundreds digit of 3173536?
5
What is the units digit of 193865?
5
What is the millions digit of 1161151?
1
What is the millions digit of 2824906?
2
What is the millions digit of 8298418?
8
What is the units digit of 818562?
2
What is the millions digit of 24559652?
4
What is the thousands digit of 127761?
7
What is the millions digit of 3972619?
3
What is the ten thousands digit of 11669482?
6
What is the units digit of 77943?
3
What is the hundreds digit of 262953?
9
What is the hundred thousands digit of 152926?
1
What is the hundreds digit of 224044?
0
What is the units digit of 3524768?
8
What is the thousands digit of 2956013?
6
What is the hundred thousands digit of 1727154?
7
What is the hundreds digit of 727153?
1
What is the hundreds digit of 33010984?
9
What is the tens digit of 56277?
7
What is the thousands digit of 2824722?
4
What is the ten millions digit of 28048294?
2
What is the tens digit of 6367489?
8
What is the ten thousands digit of 2132215?
3
What is the tens digit of 155811?
1
What is the thousands digit of 409675?
9
What is the millions digit of 1176106?
1
What is the hundreds digit of 4007649?
6
What is the hundreds digit of 224595?
5
What is the units digit of 1265794?
4
What is the units digit of 1346942?
2
What is the hundreds digit of 15866606?
6
What is the hundreds digit of 795113?
1
What is the hundred thousands digit of 22651787?
6
What is the units digit of 360866?
6
What is the hundred thousands digit of 664322?
6
What is the hundreds digit of 3482440?
4
What is the ten thousands digit of 515952?
1
What is the units digit of 13455466?
6
What is the hundred thousands digit of 674919?
6
What is the units digit of 949159?
9
What is the hundreds digit of 15610983?
9
What is the hundreds digit of 6304166?
1
What is the ten millions digit of 10242848?
1
What is the hundreds digit of 4583247?
2
What is the hundreds digit of 3524006?
0
What is the millions digit of 11254976?
1
What is the hundreds digit of 726954?
9
What is the hundred thousands digit of 796610?
7
What is the thousands digit of 321124?
1
What is the ten thousands digit of 2424260?
2
What is the units digit of 21545250?
0
What is the units digit of 361411?
1
What is the units digit of 12521685?
5
What is the ten thousands digit of 13843?
1
What is the thousands digit of 689729?
9
What is the hundreds digit of 100958?
9
What is the thousands digit of 6076348?
6
What is the hundreds digit of 2470325?
3
What is the thousands digit of 1552516?
2
What is the hundred thousands digit of 14918474?
9
What is the units digit of 15141195?
5
What is the ten thousands digit of 425407?
2
What is the thousands digit of 205352?
5
What is the millions digit of 19353789?
9
What is the hundred thousands digit of 2508443?
5
What is the tens digit of 289722?
2
What is the thousands digit of 6604784?
4
What is the units digit of 1224318?
8
What is the tens digit of 2576947?
4
What is the hundreds digit of 58895?
8
What is the thousands digit of 201108?
1
